-3*z**3 + 63*z**2 - 98*z + 1913. Calculate s(21).
-145
Let y(p) = 3*p**3 + 216*p**2 + 574*p - 3243. Give y(-69).
0
Let x(o) = 19*o + 841. What is x(-49)?
-90
Let b(o) = -3*o**3 - 241*o**2 - 104*o + 1646. Calculate b(-80).
3566
Let m(c) = 16*c + 1144. Determine m(-24).
760
Let n(v) = -3*v**3 + 634*v**2 + 378*v + 9761. Calculate n(212).
9
Let v(t) = -122*t - 7704. Determine v(-62).
-140
Let w(p) = -6*p**3 + 238*p**2 - 134*p - 846. Give w(39).
12
Let z(n) = n**3 - 16*n**2 - 87*n + 1408. What is z(16)?
16
Let t(w) = -22*w**3 + 8889*w**2 - 406*w + 805. Determine t(404).
-3
Let u(b) = -8*b**2 + 91*b + 2366. What is u(-12)?
122
Let n(k) = -2*k**3 + 2*k**2 - 2*k + 71. What is n(0)?
71
Let f(i) = 4*i**2 - 1249*i + 39120. Determine f(277).
63
Let a(f) = 42368*f - 42150. What is a(1)?
218
Let w(p) = 3*p**2 + 102*p - 141. What is w(-46)?
1515
Let x(r) = r**3 + 8*r**2 - 15*r - 125. Determine x(4).
7
Let c(g) = -g**3 - 14*g**2 + 119*g + 150. Give c(-18).
-696
Let h(r) = -r**3 + 6*r**2 - 15366*r + 76806. Determine h(5).
1
Let u(n) = -348*n + 38801. Give u(111).
173
Let x(t) = -1463*t + 591. What is x(0)?
591
Let o(f) = 40880*f - 35361200. Determine o(865).
0
Let i(l) = 2*l**3 - 112*l**2 - 12776*l + 708725. Determine i(55).
-5
Let n(d) = -97448*d - 389785. Calculate n(-4).
7
Let v(j) = -j**2 - 63077*j + 10. Calculate v(0).
10
Let a(x) = x**2 + 83*x - 4998. Calculate a(-117).
-1020
Let d(m) = 234*m + 49804. What is d(-208)?
1132
Let c(r) = 266*r - 19687. Calculate c(74).
-3
Let k(o) = -5347*o - 1208420. What is k(-226)?
2
Let j(p) = p**3 - 45*p**2 + 471*p + 316. What is j(20)?
-264
Let f(w) = 7*w**3 + 3366*w**2 - 721*w - 115455. Give f(-481).
-15
Let k(p) = -9*p**3 - 17*p**2 + 202*p + 1115. Determine k(-4).
611
Let z(h) = -h**3 - 31*h**2 - 380*h - 1747. What is z(-10)?
-47
Let p(s) = -s**3 - 17*s**2 - 27*s - 143. Determine p(-19).
1092
Let y(h) = -94*h**3 - 5*h**2 - 2. What is y(-1)?
87
Let x(m) = 2*m**3 - 72*m**2 + 206*m - 170. What is x(33)?
94
Let a(u) = -85*u**2 - 381*u - 215. Give a(-4).
-51
Let p(z) = z**2 + 45*z + 501. What is p(-25)?
1
Let m(f) = 386*f + 3406. Determine m(-9).
-68
Let y(o) = 2379*o - 30926. What is y(13)?
1
Let d(c) = 1724*c - 487915. Give d(283).
-23
Let x(q) = 4*q**3 + 650*q**2 - 319*q + 1725. Calculate x(-163).
584
Let d(o) = 2*o**2 - 581*o - 3448. Give d(-6).
110
Let i(f) = 542*f - 82022. Give i(156).
2530
Let y(h) = -9259*h - 18521. Give y(-2).
-3
Let z(i) = 4*i**3 - 165*i**2 + 1682*i + 209. Calculate z(21).
-190
Let x(f) = -f**3 - 70*f**2 - 650*f - 6172. Calculate x(-61).
-11
Let z(i) = -5*i**2 - 25670*i - 76970. What is z(-3)?
-5
Let k(i) = i**3 + 9*i**2 - 26*i - 30. Calculate k(-13).
-368
Let q(r) = -2781*r - 548028. Calculate q(-197).
-171
Let j(y) = -y**3 + 53*y**2 - 2143*y + 113576. Determine j(53).
-3
Let y(n) = -6*n**3 - 80*n**2 - 466*n - 3432. Determine y(-11).
0
Let z(k) = -1409*k - 90204. What is z(-64)?
-28
Let k(n) = -1059*n - 30740. Calculate k(-30).
1030
Let k(p) = 14270*p - 1583974. Calculate k(111).
-4
Let a(x) = -60324*x + 3619413. Calculate a(60).
-27
Let p(u) = -u**3 + 62*u**2 + 7883*u + 504. Calculate p(-63).
0
Let v(c) = 4*c**2 - 6*c - 2198. Determine v(-28).
1106
Let p(y) = -10035*y + 471527. Determine p(47).
-118
Let i(j) = j**3 - 19*j**2 + 588*j - 4972. Determine i(10).
8
Let l(a) = 44*a**2 + 1898*a + 6911. What is l(-4)?
23
Let n(l) = 201*l - 36604. What is n(188)?
1184
Let y(s) = 20094*s + 180853. What is y(-9)?
7
Let o(p) = -2*p**3 + 255*p**2 + 5221*p - 327. Determine o(-18).
-21
Let i(v) = 2*v**2 + 224*v - 605. Calculate i(-114).
-149
Let g(y) = -y**3 - 33*y**2 + 994*y - 73. Give g(19).
41
Let m(q) = 1429*q + 1548. Calculate m(-1).
119
Let g(j) = -11*j**2 + 3918*j + 82656. What is g(-20)?
-104
Let o(v) = 1705*v + 20451. Determine o(-12).
-9
Let i(u) = 16460*u - 15. What is i(0)?
-15
Let y(v) = 81*v**3 + 369*v**2 - 2*v + 5. Calculate y(-5).
-885
Let m(f) = -10117*f + 475522. What is m(47)?
23
Let r(o) = -o**3 + 24*o**2 - 273*o + 2813. Give r(17).
195
Let u(g) = -4763*g**2 - 39*g - 37. Determine u(-1).
-4761
Let x(y) = 2*y**3 - 24*y**2 - 48*y + 267. Give x(14).
379
Let m(b) = -11*b**2 + 10705*b + 912091. Calculate m(1052).
7
Let y(x) = -248*x**2 - 28026*x - 261. What is y(-113)?
-35
Let i(r) = -r**3 + 57*r**2 + 10259*r - 577635. Give i(56).
5
Let a(t) = -11*t**2 + 4280*t - 21507. What is a(384)?
-3
Let w(c) = -184*c - 3912. What is w(-25)?
688
Let m(s) = -7*s**3 + 7*s**2 + 11*s + 39. Determine m(-5).
1034
Let g(w) = -1049*w - 97563. Give g(-93).
-6
Let l(p) = p**3 - 46*p**2 - 347*p + 279. Determine l(52).
-1541
Let c(g) = -g**2 - 74212*g + 11526880. Determine c(155).
-5
Let x(s) = 3*s**3 - 39*s**2 - 928*s - 462. Calculate x(-12).
-126
Let l(m) = 2*m**3 - 150*m**2 - 3167*m - 503. What is l(-17)?
160
Let z(u) = u**3 - 21*u**2 - 449*u + 9134. What is z(22)?
-260
Let h(n) = 48*n - 5373. Determine h(125).
627
Let y(m) = 7*m**3 - 28*m**2 + 1918*m - 1891. Determine y(1).
6
Let u(y) = -y**3 + 31*y**2 - 248*y + 533. Calculate u(20).
-27
Let p(f) = f**3 + 6*f**2 + 6*f + 61. Calculate p(8).
1005
Let y(v) = -109*v - 1085. Determine y(0).
-1085
Let j(u) = u**3 - 498*u**2 - 2047*u - 232. What is j(-4)?
-76
Let u(a) = -7813*a - 30861. Give u(-4).
391
Let o(q) = 1263*q + 333649. What is o(-264)?
217
Let w(s) = s**3 - 5*s**2 - 11*s + 2160. Give w(0).
2160
Let i(r) = -208*r + 186. Calculate i(2).
-230
Let x(b) = 828*b - 16479. Calculate x(22).
1737
Let k(y) = -y**2 + 17*y + 1132. Give k(-35).
-688
Let a(g) = -16*g**3 - 2*g**2 + 428*g - 3185. Calculate a(8).
-8081
Let z(k) = 1837714*k + 3675425. Calculate z(-2).
-3
Let n(s) = -2110*s - 46398. Give n(-22).
22
Let d(s) = -213*s**2 - 5113*s - 19. Give d(-24).
5
Let q(v) = 9*v**2 - 1229*v + 14392. Calculate q(12).
940
Let i(a) = -31*a**2 + 483*a - 87. Give i(12).
1245
Let b(r) = -17*r**3 - 466*r**2 + 424*r + 4002. Calculate b(-28).
-30
Let t(p) = -14*p**3 + 99*p**2 + 41*p - 89. What is t(9)?
-1907
Let u(f) = f**3 + 28*f**2 + 2646*f + 17487. What is u(-7)?
-6
Let d(k) = -k**3 + 96*k**2 + 378*k - 8541. What is d(99)?
-522
Let d(t) = 39*t**2 + 3164*t + 22129. Give d(-7).
1892
Let i(m) = -m**2 + 13656*m + 218770. Calculate i(-16).
18
Let m(a) = 2781*a + 18746. Calculate m(-7).
-721
Let f(g) = -408*g + 44852. Determine f(110).
-28
Let f(x) = x**3 - 70*x**2 - 9591*x + 93. Determine f(139).
93
Let u(l) = 889*l - 2649. Determine u(3).
18
Let t(b) = 1195*b**2 - 13057*b - 968. What is t(11)?
0
Let x(j) = 17*j**2 + 591*j - 785. Calculate x(-36).
-29
Let s(f) = f**3 + 129*f**2 + 1341*f + 1493. What is s(-10)?
-17
Let v(x) = -2*x**2 + 75*x - 502. What is v(55)?
-2427
Let a(t) = 213*t - 2134. Give a(10).
-4
Let j(o) = -441*o**2 + 83789*o + 184. Give j(190).
-6
Let g(l) = -21*l - 1684. Determine g(-79).
-25
Let v(m) = -2*m**3 - 132*m**2 + 134*m + 103. Calculate v(-67).
103
Let a(s) = 90*s**2 - 570*s + 328. Give a(7).
748
Let k(a) = 18*a**2 - 513*a + 237. Calculate k(26).
-933
Let n(k) = -10372*k + 41976. Determine n(4).
488
Let q(n) = n**3 + 387*n**2 + 5240*n + 249. Calculate q(-14).
-3
Let j(c) = 8*c**3 - 298*c**2 + 72*c + 62. Determine j(37).
-12
Let i(j) = 2*j**2 - 4327*j + 38755. Determine i(9).
-26
Let o(z) = 5*z**2 - 2653*z + 10611. What is o(4)?
79
Let x(c) = -38268*c + 1301110. Calculate x(34).
-2
Let o(x) = 11*x**2 + 202*x + 351. What is o(-16)?
-65
Let w(c) = 9290*c - 83437. Give w(9).
173
Let j(b) = -3*b**3 + 24*b**2 + 754*b - 7460. Give j(10).
-520
Let u(y) = -9355*y - 205948. Give u(-22).
-138
Let q(l) = 155*l - 26272. What is q(170)?
78
Let r(p) = -p**3 - 28*p**2 + 529*p + 141. Determine r(-41).
305
Let y(u) = u**3 - 196*u**2 - 403*u + 1679. Give y(198).
293
Let s(g) = -2*g**2 - 19330*g + 38673. Calculate s(2).
5
Let r(s) = 2*s**2 + 102*s - 2313. What is r(26)?
1691
Let v(r) = 12*r**3 + 10*r**2 - 2510*r + 2500. Determine v(1).
12
Let k(v) = v**3 - 104*v**2 + 3105*v - 224357. Calculate k(96).
-5
Let a(b) = -14845*b + 1588432. Determine a(107).
17
Let y(b) = b**3 + 3*b**2 + 2390*b + 19223. What is y(-8)?
-217
Let r(u) = 221*u**2 - 28952*u + 252. Give r(131).
121
Let a(y) = 2*y**2 - 680*y - 152157. Give a(-154).
-5
Let t(s) = -s**3 - 3*s**2 + 13091*s + 39331. Calculate t(-3).
58
Let f(m) = -104093*m - 520371. What is f(-5)?
94
Let g(q) = 2245632*q + 17. Calculate g(0).
17
Let